tors of 393?
3, 131
What are the prime factors of 3942?
2, 3, 73
What are the prime factors of 26417?
26417
What are the prime factors of 30275?
5, 7, 173
What are the prime factors of 4931?
4931
List the prime factors of 6904.
2, 863
What are the prime factors of 28368?
2, 3, 197
What are the prime factors of 1469?
13, 113
What are the prime factors of 91523?
19, 4817
List the prime factors of 8662.
2, 61, 71
What are the prime factors of 1253?
7, 179
List the prime factors of 40590.
2, 3, 5, 11, 41
List the prime factors of 91032.
2, 3, 3793
List the prime factors of 68.
2, 17
List the prime factors of 8731.
8731
What are the prime factors of 33506?
2, 11, 1523
List the prime factors of 5080.
2, 5, 127
What are the prime factors of 35071?
17, 2063
What are the prime factors of 22245?
3, 5, 1483
What are the prime factors of 418?
2, 11, 19
List the prime factors of 16509.
3, 5503
What are the prime factors of 5605?
5, 19, 59
List the prime factors of 2224.
2, 139
What are the prime factors of 12646?
2, 6323
List the prime factors of 22708.
2, 7, 811
List the prime factors of 162033.
3, 54011
What are the prime factors of 1490?
2, 5, 149
What are the prime factors of 10350?
2, 3, 5, 23
List the prime factors of 567.
3, 7
List the prime factors of 33420.
2, 3, 5, 557
What are the prime factors of 14462?
2, 7, 1033
List the prime factors of 327.
3, 109
What are the prime factors of 8958?
2, 3, 1493
What are the prime factors of 197?
197
What are the prime factors of 68427?
3, 7603
List the prime factors of 3007.
31, 97
List the prime factors of 7911.
3, 293
What are the prime factors of 6106?
2, 43, 71
List the prime factors of 8803.
8803
What are the prime factors of 1813?
7, 37
List the prime factors of 119459.
17, 7027
What are the prime factors of 3009?
3, 17, 59
What are the prime factors of 8916?
2, 3, 743
List the prime factors of 259.
7, 37
What are the prime factors of 2143?
2143
List the prime factors of 10461.
3, 11, 317
List the prime factors of 1158.
2, 3, 193
What are the prime factors of 952?
2, 7, 17
List the prime factors of 1546.
2, 773
List the prime factors of 30827.
29, 1063
What are the prime factors of 6330?
2, 3, 5, 211
What are the prime factors of 1660?
2, 5, 83
What are the prime factors of 69339?
3, 29, 797
What are the prime factors of 37149?
3, 7, 29, 61
List the prime factors of 1774.
2, 887
What are the prime factors of 6289?
19, 331
What are the prime factors of 59846?
2, 23, 1301
List the prime factors of 4698.
2, 3, 29
What are the prime factors of 20145?
3, 5, 17, 79
What are the prime factors of 385?
5, 7, 11
List the prime factors of 1357.
23, 59
List the prime factors of 3425.
5, 137
List the prime factors of 301.
7, 43
What are the prime factors of 5420?
2, 5, 271
List the prime factors of 10558.
2, 5279
What are the prime factors of 3195?
3, 5, 71
List the prime factors of 895.
5, 179
What are the prime factors of 183?
3, 61
What are the prime factors of 735?
3, 5, 7
What are the prime factors of 4653?
3, 11, 47
What are the prime factors of 15532?
2, 11, 353
List the prime factors of 3007.
31, 97
What are the prime factors of 28840?
2, 5, 7, 103
What are the prime factors of 3655?
5, 17, 43
List the prime factors of 75299.
7, 31, 347
What are the prime factors of 25610?
2, 5, 13, 197
What are the prime factors of 7440?
2, 3, 5, 31
What are the prime factors of 2106?
2, 3, 13
What are the prime factors of 562?
2, 281
List the prime factors of 8866.
2, 11, 13, 31
What are the prime factors of 41731?
29, 1439
What are the prime factors of 2104?
2, 263
List the prime factors of 18392.
2, 11, 19
List the prime factors of 6334.
2, 3167
What are the prime factors of 80?
2, 5
What are the prime factors of 47697?
3, 13, 1223
What are the prime factors of 51?
3, 17
What are the prime factors of 4304?
2, 269
List the prime factors of 19271.
7, 2753
List the prime factors of 36.
2, 3
What are the prime factors of 10546?
2, 5273
What are the prime factors of 68092?
2, 29, 587
What are the prime factors of 19969?
19, 1051
List the prime factors of 15813.
3, 7, 251
List the prime factors of 888.
2, 3, 37
List the prime factors of 13278.
2, 3, 2213
List the prime factors of 36435.
3, 5, 7, 347
List the prime factors of 41.
41
What are the prime factors of 23435?
5, 43, 109
What are the prime factors of 4379?
29, 151
List the prime factors of 13125.
3, 5, 7
What are the prime factors of 149?
149
What are the prime factors of 72943?
13, 31, 181
List the prime factors of 1891.
31, 61
What are the prime factors of 688?
2, 43
What are the prime factors of 1194?
2, 3, 199
List the prime factors of 9184.
2, 7, 41
What are the prime factors of 7614?
2, 3, 47
List the prime factors of 44657.
44657
List the prime factors of 620.
2, 5, 31
List the prime factors of 1318.
2, 659
What are the prime factors of 1396?
2, 349
List the prime factors of 8122.
2, 31, 131
What are the prime factors of 50736?
2, 3, 7, 151
List the prime factors of 2342.
2, 1171
List the prime factors of 2513.
7, 359
What are the prime factors of 5021?
5021
List the prime factors of 21049.
7, 31, 97
List the prime factors of 526.
2, 263
List the prime factors of 43401.
3, 17, 23, 37
What are the prime factors of 58805?
5, 19, 619
What are the prime factors of 1846?
2, 13, 71
List the prime factors of 19544.
2, 7, 349
List the prime factors of 42629.
47, 907
List the prime factors of 5535.
3, 5, 41
List the prime factors of 6883.
6883
List the prime factors of 3499.
3499
What are the prime factors of 1340?
2, 5, 67
What are the prime factors of 13559?
7, 13, 149
What are the prime factors of 50095?
5, 43, 233
What are the prime factors of 27146?
2, 7, 277
List the prime factors of 40992.
2, 3, 7, 61
List the prime factors of 1894.
2, 947
What are the prime factors of 3155?
5, 631
What are the prime factors of 30747?
3, 37, 277
List the prime factors of 656.
2, 41
List the prime factors of 102.
2, 3, 17
List the prime factors of 1251.
3, 139
What are the prime factors of 8268?
2, 3, 13, 53
List the prime factors of 772.
2, 193
List the prime factors of 17230.
2, 5, 1723
List the prime factors of 57608.
2, 19, 379
What are the prime factors of 92457?
3, 10273
What are the prime factors of 9063?
3, 19, 53
List the prime factors of 12603.
3, 4201
List the prime factors of 2630.
2, 5, 263
What are the prime factors of 726?
2, 3, 11
List the prime factors of 75997.
75997
List the prime factors of 35583.
3, 29, 409
What are the prime factors of 83814?
2, 3, 61, 229
What are the prime factors of 965?
5, 193
What are the prime factors of 16086?
2, 3, 7, 383
What are the prime factors of 633?
3, 211
List the prime factors of 105638.
2, 13, 17, 239
What are the prime factors of 1027?
13, 79
List the prime factors of 3605.
5, 7, 103
List the prime factors of 22.
2, 11
List the prime factors of 129.
3, 43
What are the prime factors of 1514?
2, 757
What are the prime factors of 470?
2, 5, 47
What are the prime factors of 2532?
2, 3, 211
What are the prime factors of 47603?
181, 263
List the prime factors of 7179.
3, 2393
What are the prime factors of 315?
3, 5, 7
List the prime factors of 43021.
11, 3911
What are the prime factors of 2295?
3, 5, 17
List the prime factors of 1462.
2, 17, 43
List the prime factors of 6639.
3, 2213
List the prime factors of 27340.
2, 5, 1367
What are the prime factors of 13401?
3, 1489
What are the prime factors of 19672?
2, 2459
List the prime factors of 1170.
2, 3, 5, 13
What are the prime factors of 1748?
2, 19, 23
List the prime factors of 120.
2, 3, 5
List the prime factors of 54193.
54193
List the prime factors of 6776.
2, 7, 11
List the prime factors of 1752.
2, 3, 73
List the prime factors of 20820.
2, 3, 5, 347
List the prime factors of 110152.
2, 7, 281
List the prime factors of 4759.
4759
List the prime factors of 4262.
2, 2131
List the prime factors of 1115.
5, 223
What are the prime factors of 820?
2, 5, 41
List the prime factors of 3789.
3, 421
What are the prime factors of 2180?
2, 5, 109
What are the prime factors of 43919?
37, 1187
List the prime factors of 128930.
2, 5, 12893
What are the prime factors of 1719?
3, 191
List the prime factors of 79164.
2, 3, 733
What are the prime factors of 1299?
3, 433
List the prime fact